1119 = 0, -q + 2*f = -219 - 338. What is the units digit of q?
9
Let h(i) = i**2 - 6*i + 5. Let q be h(4). Let a be 4/(-3)*q - 1. Suppose -4*u + 2*r = a*r - 61, -u + 2*r = -4. What is the units digit of u?
4
Suppose 3*x - 1762 = -2*p, -5*p = 5*x + 376 - 4791. What is the units digit of p?
7
Suppose -5*l + 5*w + 1370 = 0, -3*w = 5*l - 1609 + 263. Suppose -9*d + l = -215. What is the units digit of d?
4
Let v(n) = 125*n**2 + 3*n + 3. Let i be (-9)/27 - (-4)/(-6). What is the hundreds digit of v(i)?
1
Suppose -4*a - b = -0*a + 44, b - 16 = a. Let i be 4/a - 84/(-9). Let g = i + 31. What is the tens digit of g?
4
Let m be 2*-4*(-4)/16*1. Suppose -504 = m*q - 9*q. What is the tens digit of q?
7
Let u(m) = m**2 - 2*m - 4. Let f be u(4). Suppose 2*l = 5*d - 464, 0 = -f*d - 0*l + l + 373. What is the units digit of d?
4
Let p(h) = 196*h - 5. What is the hundreds digit of p(2)?
3
Let r = 693 - 207. What is the hundreds digit of r?
4
Suppose 8*p = -135 - 201. Let u = 142 - p. What is the units digit of u?
4
Suppose 40 = 3*a - 7*a. Let r be ((-66)/55)/(4/a). Let d(p) = -p**3 + 3*p**2 + 3*p - 3. What is the units digit of d(r)?
6
Suppose 95 = h + o, -5*o - 111 = -h - 10*o. Let q(u) = -u**2 - 8*u - 3. Let z be q(-5). Let f = h - z. What is the units digit of f?
9
Suppose 4*l - 3*c = 29, 3*l = 7*l + 4*c - 64. Let b(z) = -1 + 2 - z - l*z**2 + 13*z**2 + 2*z. What is the units digit of b(3)?
2
Let z be 4/(-34) - 490/170. Let m be z + 5/(20/8). What is the tens digit of (78/(-18))/(m/9)?
3
What is the tens digit of -232 - -241 - (-406 - 1)?
1
Let t = -97 + 110. Suppose -15*g + 70 = -t*g. What is the tens digit of g?
3
Let r(c) = -11*c**2 - 7*c. Let a be r(3). Let j = -76 - a. What is the tens digit of j?
4
Suppose 0*z = -2*z + 72. Let j be (-74)/9 - (-8)/z. What is the units digit of 4 - (2 + j/2)?
6
What is the thousands digit of 8298/((-48)/(-8))*3?
4
Let t = 52 + -27. Let a = t + -23. Suppose 3*c - 69 = 3*l, 0*c = -4*c + a*l + 82. What is the units digit of c?
8
Suppose 12 = 4*j + 5*w + 1, 4*w = j - 8. Let q(f) = f - 1. Let v(c) = c**2 + 3*c + 1. Let z(g) = -5*q(g) + v(g). What is the tens digit of z(j)?
1
Let i = 74 + -30. Let n = -42 + i. What is the units digit of n?
2
Suppose -4*d + 2*d - 2*b - 42 = 0, 4*b + 16 = 0. Let g = 165 - 115. Let k = d + g. What is the units digit of k?
3
Let u = -48 + 114. Suppose -u = 2*l - 278. Let a = l + -69. What is the tens digit of a?
3
Let j = -27 - -119. Suppose -80 = -2*y + 4*d + 84, -4*d - j = -y. What is the tens digit of y?
7
What is the hundreds digit of 4/(-14) + (-59140)/(-14) + -7?
2
Suppose -17*u + 22*u - 1640 = 0. What is the hundreds digit of u?
3
Suppose 41*t - 38*t - 5*r - 2566 = 0, 0 = -5*r + 20. What is the units digit of t?
2
Let b be 4/14 + 729/21. Suppose -5*l = -b - 15. What is the units digit of l?
0
Let p(a) = 167*a**2 - 17*a + 15. What is the tens digit of p(-5)?
7
Suppose -3*g = 4*h - 4, -h + 2 = 3*g - 8. Suppose 2*i + g = 0, i = -3*w - 0*w + 16. Let p = 17 + w. What is the units digit of p?
3
Let b = -133 - -80. What is the tens digit of b/2*(-35 - -29)?
5
Suppose -7*v + 0*v + 2*v = 0. Suppose -10*s + 4 + 536 = v. What is the tens digit of s?
5
Let h be 70/17 - 18/153. Suppose 2*l = -h*w + 80, -l + 4*w = 3*l - 208. What is the units digit of 3/4*(l - 0)?
6
Let i = -620 - -1588. What is the hundreds digit of i?
9
What is the hundreds digit of (-13)/(728/32) + (-47283)/(-21)?
2
Let m be -2 + -1 + 4 + 23. Let t = m - 8. What is the tens digit of t?
1
Let l(i) = -i**2 - 12*i - 4. Let b be (4/(-12))/((-2)/(-54)). What is the units digit of l(b)?
3
Let z = -10 - -11. Let u be z + 0 + 1 - 2. Suppose 5*o - 134 = 4*h, 4*o + u*h - 102 = -2*h. What is the units digit of o?
6
Suppose 0 = w - 3, 2539 = l + l + 3*w. What is the tens digit of l?
6
Suppose -2 + 56 = 2*v. What is the units digit of 9/v + 532/6?
9
Let m = -420 + 2717. What is the tens digit of m?
9
Let h be 140/21*(-1 - -7). Suppose h = 5*l - 85. What is the tens digit of l?
2
Suppose 14304 = -3*f - 5*f. What is the units digit of ((-10)/(-3))/5 - f/18?
0
Let u = 1244 - -983. What is the tens digit of u?
2
Let x be 16/28 + 48/14. Let c(h) = h**2 - 6*h + 8. Let g be c(x). Suppose g*q + 108 = 4*q. What is the tens digit of q?
2
Let k(x) = 2*x. Let t be k(1). Let s = -175 + 171. What is the units digit of (-1 - 4)/(t/s)?
0
Let i = 408 + 478. What is the units digit of i?
6
Let a(z) = z**3 - 17*z**2 + 19*z + 6. Let m = -29 - -45. What is the units digit of a(m)?
4
Let p(y) = 4*y**2 - 3*y - 2. Let u be p(-1). Suppose 7 = u*l - 8. Suppose -5*f + 105 = -4*i - 109, -104 = -2*f - l*i. What is the units digit of f?
6
Let t be ((-3)/(-2))/(6/8). Suppose -t*s = -10*s + 928. What is the hundreds digit of s?
1
Let s be 16/20 - (-42)/10. Suppose -2*n + 3*b = -196, -7 - 13 = -s*b. What is the units digit of n?
4
Let r(n) = n**2 - 3. Let w be r(0). Let l = 1 - w. Suppose 7*k - 2*k + 49 = 3*d, 0 = -3*d + l*k + 44. What is the units digit of d?
8
Suppose 2*n + 3*c = 4*n - 7, 11 = 4*n - 3*c. Suppose 20 = -3*l + 2*b + 3*b, n*l + 2*b = 8. Let m = 35 + l. What is the units digit of m?
5
Let q = -72 + 83. Suppose -q*n + 7*n = -656. What is the hundreds digit of n?
1
Suppose 3*p + 5*t = 2*p + 10, 0 = -4*p + 4*t - 80. Let m = p + 34. What is the units digit of m?
9
Let p(j) = 5*j + 4. Let v be p(2). Suppose 2*n + 46 - v = 0. What is the units digit of (n/8)/(4/(-66))?
3
Suppose 7 - 9 = -a. Let s = 2 - a. Suppose 0 = 5*t + 25, z + s*t - t - 17 = 0. What is the units digit of z?
2
Let v(f) = f**2 + 44*f - 60. What is the tens digit of v(21)?
0
Let c be 2 + 2 - (6 - 5). Suppose 224 = c*s - 5*o - 236, o = -4*s + 621. What is the units digit of s?
5
Let j(l) be the second derivative of -l**4/12 - 3*l**3/2 - l**2/2 - 3*l. Let t be j(-8). What is the units digit of (t - 8)/((-1)/25)?
5
Suppose -2*l + 4*l = y - 4646, 0 = y + 5*l - 4646. What is the tens digit of y?
4
Let k(a) = 208*a**2 + 41*a - 222. What is the thousands digit of k(5)?
5
Let b be (52/8 + -4)*-56. Let x = 226 + b. What is the tens digit of x?
8
Suppose -5*s + 716 = 2*j - 457, 4*s - 938 = -2*j. What is the units digit of s?
5
Suppose 4*s = -5*w + 5983, s + 5*w - 1087 - 420 = 0. What is the hundreds digit of s?
4
Let n(z) = -336*z + 59. What is the units digit of n(-5)?
9
Let r(c) = -c. Let n be r(-11). Let p(m) = m**2 - 4*m - 17. What is the tens digit of p(n)?
6
Let y(f) = f + 175. What is the tens digit of y(37)?
1
What is the tens digit of 12624/18 + -3 + (-16)/(-6)?
0
Let t be ((-2235)/21)/(-5) + 2/(-7). Suppose 0 = 2*z + 5*u - 47, 0 = -3*z + 3*u + 81 + t. What is the tens digit of z?
3
Let j(p) = -9 + 0*p - 14*p + 6*p. What is the units digit of j(-5)?
1
What is the tens digit of ((-2)/5 + 0)*(-2529 - -59)?
8
Suppose -110 = -4*b + 142. What is the units digit of b?
3
Let k = 55 + 39. Let x = 32 + k. What is the hundreds digit of x?
1
Let a(r) = 7*r**3 - 4*r**2 + r + 1. What is the units digit of a(2)?
3
Suppose 0*z + 4*z + 4 = 0. Let w = 3 + 17. Let c = z + w. What is the units digit of c?
9
Suppose -5*y + 3*y - 20 = 0. Let z = y + 19. Let v(x) = x**2 - 6*x + 4. What is the tens digit of v(z)?
3
Let j(g) = 2*g - 11. Let f be j(11). Let u(n) = -n**2 + 20*n - 14. Let o(x) = -x**2 + x + 1. Let m(a) = -o(a) - u(a). What is the tens digit of m(f)?
2
Let a = 595 + -261. What is the units digit of a?
4
Let w = -566 + 2067. What is the units digit of w?
1
Let b(r) be the third derivative of -r**5/60 + r**3/3 - 11*r**2. Let n be b(0). What is the units digit of (3 + -28)*n*-1?
0
What is the units digit of -2*(-5 - 2744/16)?
3
Let c = -145 - -267. What is the units digit of c?
2
Let x be 9/54 - 58/(-12). Let y(n) = 10*n**3 - n**2 - n + 3. Let s(u) = 11*u**3 - u**2 - u + 4. Let m(d) = x*s(d) - 6*y(d). What is the tens digit of m(-2)?
4
Let r be -1 - (-3*6 + -1). Suppose -p + 4*p + r = 0. Let d(b) = b**3 + 7*b**2 + 2*b + 9. What is the tens digit of d(p)?
3
Let u be (-1 + -4)/(-15) - 930/9. What is the tens digit of 42/189 + u*(-4)/9?
4
Let w(z) = z**3 - 6*z**2 - 6*z - 4. Let m be w(7). Let b be 576/5 - m/15. Suppose -f + 4*f - q = b, 4*f - 160 = 3*q. What is the tens digit of f?
3
Suppose 0 = -10*h + 385 + 1785. What is the units digit of h?
7
Suppose 4*v - r - 2036 = 0, -5*v - 22*r = -27*r - 2530. What is the unit